common divisor of 1639 and 5611787.
149
Calculate the greatest common divisor of 2712889 and 2151.
239
What is the highest common factor of 76 and 22732?
4
What is the highest common factor of 141624 and 472?
8
What is the highest common factor of 71226 and 2646?
54
What is the greatest common divisor of 2040 and 9816?
24
What is the highest common divisor of 1692302 and 821574?
7022
What is the highest common divisor of 1283566 and 40006?
482
What is the greatest common divisor of 950 and 5816565?
95
Calculate the greatest common factor of 2574 and 48208875.
429
Calculate the highest common divisor of 1116 and 13429512.
36
Calculate the greatest common factor of 3936872 and 8.
8
Calculate the greatest common factor of 860 and 199136655.
215
Calculate the greatest common divisor of 4968 and 773881.
23
What is the greatest common factor of 15240 and 33440?
40
What is the greatest common factor of 82884351 and 3397?
79
Calculate the highest common divisor of 17 and 1416742549.
17
What is the highest common divisor of 68 and 2570519?
17
What is the highest common divisor of 12677841 and 990?
99
What is the highest common factor of 198 and 79340778?
198
What is the greatest common factor of 40001 and 817215?
181
Calculate the greatest common factor of 22176 and 807444.
396
Calculate the highest common divisor of 116874 and 80936.
302
Calculate the highest common divisor of 13 and 83123261.
13
Calculate the highest common factor of 364 and 27373619.
91
What is the highest common factor of 14040 and 60040?
40
What is the greatest common divisor of 6867246 and 3112008?
6126
What is the highest common factor of 46584 and 243?
9
Calculate the highest common divisor of 20 and 1147596820.
20
What is the highest common factor of 278438475 and 147?
21
What is the greatest common divisor of 143948 and 11323004?
2716
Calculate the greatest common divisor of 11880880 and 39916.
2348
Calculate the highest common divisor of 7076 and 193291554.
3538
What is the greatest common factor of 2921550 and 450?
150
Calculate the highest common factor of 1764603 and 56426.
89
Calculate the greatest common factor of 83975139 and 621.
207
Calculate the greatest common divisor of 91137919 and 37.
37
Calculate the greatest common factor of 302 and 78408562.
302
What is the greatest common factor of 4675 and 89777?
17
What is the highest common factor of 547400 and 743400?
1400
What is the greatest common divisor of 11 and 351213071?
11
What is the greatest common factor of 36 and 3854635884?
36
Calculate the highest common divisor of 136713380 and 1564.
92
Calculate the highest common factor of 3945178 and 8.
2
Calculate the greatest common divisor of 4594836 and 12.
12
What is the greatest common divisor of 31841095 and 3575?
715
What is the highest common factor of 19547792 and 11776?
368
What is the greatest common divisor of 10920 and 104260?
260
Calculate the highest common factor of 90884370 and 5160.
1290
Calculate the greatest common divisor of 26270768 and 48.
16
Calculate the greatest common factor of 29890952 and 3192.
1064
What is the greatest common divisor of 80 and 38235160?
40
What is the greatest common factor of 455064736 and 4844?
4844
Calculate the greatest common divisor of 1100333092 and 23358.
7786
Calculate the highest common divisor of 76492 and 627068.
52
Calculate the greatest common divisor of 1526 and 120190.
14
What is the greatest common factor of 567 and 123741?
27
Calculate the greatest common divisor of 4930 and 1226845.
145
Calculate the highest common factor of 787752 and 136080.
1512
Calculate the greatest common factor of 65540962 and 854.
122
Calculate the greatest common factor of 169844 and 50.
2
What is the greatest common divisor of 572 and 4775452?
44
What is the greatest common factor of 1497792 and 1831176?
696
Calculate the greatest common divisor of 86630535 and 1725.
345
What is the greatest common divisor of 366145 and 41065?
215
Calculate the greatest common divisor of 99 and 7353280.
11
Calculate the greatest common divisor of 31 and 2127561.
31
Calculate the greatest common divisor of 12826960 and 1180.
20
Calculate the highest common divisor of 317098 and 259139.
479
What is the highest common divisor of 237824109 and 801?
801
What is the greatest common factor of 620 and 1136522?
62
Calculate the greatest common divisor of 19278 and 5151510.
2142
Calculate the highest common divisor of 183030617 and 154.
77
Calculate the highest common factor of 7644896 and 70.
14
Calculate the highest common divisor of 2097067 and 301.
301
What is the greatest common factor of 2821800 and 7400?
200
What is the greatest common factor of 3584 and 4224064?
64
Calculate the highest common factor of 324 and 14042364.
12
What is the highest common factor of 22583385 and 165?
165
Calculate the greatest common factor of 20687968 and 16.
16
What is the highest common divisor of 188 and 5980?
4
Calculate the greatest common factor of 55 and 2641771.
11
What is the highest common divisor of 3807 and 9165?
141
Calculate the highest common divisor of 7111580 and 620.
20
Calculate the highest common factor of 1863 and 51235173.
81
Calculate the greatest common factor of 72969 and 10599215.
1871
What is the greatest common divisor of 98955 and 579?
3
What is the greatest common divisor of 2653551 and 14787?
477
What is the greatest common divisor of 14881740 and 20?
20
What is the greatest common factor of 20607621 and 43860?
2193
Calculate the greatest common factor of 56 and 243010628.
28
Calculate the highest common divisor of 14812 and 41791.
529
Calculate the highest common divisor of 165 and 138772275.
15
What is the greatest common factor of 10737352 and 58624?
1832
Calculate the highest common divisor of 6048 and 601939296.
6048
Calculate the highest common factor of 320 and 14659264.
64
Calculate the highest common factor of 240 and 415980.
60
Calculate the highest common divisor of 66 and 13486806.
6
What is the greatest common divisor of 91616 and 329393876?
11452
Calculate the greatest common divisor of 1211 and 1612187.
173
What is the greatest common factor of 1838054464 and 149?
149
What is the greatest common factor of 1251756 and 101268?
1044
What is the highest common divisor of 1150 and 21785255?
115
Calculate the highest common divisor of 36478 and 17512246.
2806
What is the highest common divisor of 10 and 38354?
2
Calculate the highest common factor of 13244 and 174494.
86
What is the greatest common factor of 60026917 and 669?
223
Calculate the greatest common factor of 5886 and 171306.
18
Calculate the highest common factor of 19516 and 25942.
238
Calculate the highest common divisor of 89490 and 959584.
314
What is the greatest common divisor of 153 and 129069?
9
Calculate the highest common divisor of 254813 and 9248.
17
What is the highest common divisor of 2025580 and 40?
20
What is the greatest common factor of 615136 and 6439?
47
What is the greatest common divisor of 28812 and 138875212?
1372
Calculate the highest common factor of 1054 and 1813748.
62
What is the highest common factor of 5670720 and 3080?
440
Calculate the greatest common divisor of 25 and 38959275.
25
Calculate the highest common divisor of 9 and 11950695.
9
Calculate the highest common factor of 2758 and 155475355.
1379
What is the highest common divisor of 51792 and 4731?
249
Calculate the highest common factor of 692088 and 2742.
6
What is the highest common divisor of 13837477 and 7486?
197
Calculate the greatest common factor of 535308 and 19468.
124
What is the highest common factor of 6848214 and 4494?
642
What is the highest common factor of 31429608 and 504?
168
Calculate the highest common factor of 635172 and 1404.
12
Calculate the greatest common divisor of 23700 and 147809.
79
Calculate the greatest common divisor of 48604 and 124862.
838
What is the highest common factor of 2985364 and 67348?
596
Calculate the highest common factor of 163456 and 2497792.
128
What is the greatest common factor of 11524 and 310612?
268
Calculate the highest common divisor of 261 and 11306664.
9
What is the highest common divisor of 2005450 and 950?
950
What is the highest common factor of 3728 and 9865686?
466
Calculate the greatest common factor of 88 